{"id":1068,"date":"2020-04-27T21:36:18","date_gmt":"2020-04-27T21:36:18","guid":{"rendered":"http:\/\/local.dorigemboutique.pt\/?page_id=1068"},"modified":"2020-05-15T18:57:31","modified_gmt":"2020-05-15T18:57:31","slug":"about-us","status":"publish","type":"page","link":"https:\/\/casadavointeriores.pt\/en\/about-us\/","title":{"rendered":"Sobre N\u00f3s"},"content":{"rendered":"<div data-elementor-type=\"wp-page\" data-elementor-id=\"1068\" class=\"elementor elementor-1068\" data-elementor-settings=\"[]\">\n\t\t\t<div class=\"elementor-inner\">\n\t\t\t\t<div class=\"elementor-section-wrap\">\n\t\t\t\t\t\t\t<section class=\"elementor-element elementor-element-3fecff1 elementor-section-boxed elementor-section-height-default elementor-section-height-default elementor-section elementor-top-section\" data-id=\"3fecff1\" data-element_type=\"section\">\n\t\t\t\t\t\t<div class=\"elementor-container elementor-column-gap-default\">\n\t\t\t\t<div class=\"elementor-row\">\n\t\t\t\t<div class=\"elementor-element elementor-element-3f3223e elementor-column elementor-col-100 elementor-top-column\" data-id=\"3f3223e\" data-element_type=\"column\">\n\t\t\t<div class=\"elementor-column-wrap  elementor-element-populated\">\n\t\t\t\t\t<div class=\"elementor-widget-wrap\">\n\t\t\t\t<div class=\"elementor-element elementor-element-7525eae elementor-widget elementor-widget-spacer\" data-id=\"7525eae\" data-element_type=\"widget\" data-widget_type=\"spacer.default\">\n\t\t\t\t<div class=\"elementor-widget-container\">\n\t\t\t\t\t<div class=\"elementor-spacer\">\n\t\t\t<div class=\"elementor-spacer-inner\"><\/div>\n\t\t<\/div>\n\t\t\t\t<\/div>\n\t\t\t\t<\/div>\n\t\t\t\t\t\t<\/div>\n\t\t\t<\/div>\n\t\t<\/div>\n\t\t\t\t\t\t<\/div>\n\t\t\t<\/div>\n\t\t<\/section>\n\t\t\t\t<section class=\"elementor-element elementor-element-814d82c elementor-reverse-tablet elementor-reverse-mobile elementor-section-boxed elementor-section-height-default elementor-section-height-default elementor-section elementor-top-section\" data-id=\"814d82c\" data-element_type=\"section\">\n\t\t\t\t\t\t<div class=\"elementor-container elementor-column-gap-default\">\n\t\t\t\t<div class=\"elementor-row\">\n\t\t\t\t<div class=\"elementor-element elementor-element-46b2ca9 elementor-invisible elementor-column elementor-col-50 elementor-top-column\" data-id=\"46b2ca9\" data-element_type=\"column\" data-settings=\"{&quot;animation&quot;:&quot;bounceInLeft&quot;}\">\n\t\t\t<div class=\"elementor-column-wrap  elementor-element-populated\">\n\t\t\t\t\t<div class=\"elementor-widget-wrap\">\n\t\t\t\t<div class=\"elementor-element elementor-element-a528650 elementor-widget elementor-widget-spacer\" data-id=\"a528650\" data-element_type=\"widget\" data-widget_type=\"spacer.default\">\n\t\t\t\t<div class=\"elementor-widget-container\">\n\t\t\t\t\t<div class=\"elementor-spacer\">\n\t\t\t<div class=\"elementor-spacer-inner\"><\/div>\n\t\t<\/div>\n\t\t\t\t<\/div>\n\t\t\t\t<\/div>\n\t\t\t\t<div class=\"elementor-element elementor-element-e1acf9f elementor-invisible elementor-widget elementor-widget-image\" data-id=\"e1acf9f\" data-element_type=\"widget\" data-settings=\"{&quot;_animation&quot;:&quot;bounceInLeft&quot;}\" data-widget_type=\"image.default\">\n\t\t\t\t<div class=\"elementor-widget-container\">\n\t\t\t\t\t<div class=\"elementor-image\">\n\t\t\t\t\t\t\t\t\t\t<img loading=\"lazy\" decoding=\"async\" width=\"1024\" height=\"715\" src=\"https:\/\/casadavointeriores.pt\/wp-content\/uploads\/2020\/05\/83332550_2285801144853020_8157946308921917440_o-1024x715.jpg\" class=\"attachment-large size-large\" alt=\"\" srcset=\"https:\/\/casadavointeriores.pt\/wp-content\/uploads\/2020\/05\/83332550_2285801144853020_8157946308921917440_o-1024x715.jpg 1024w, https:\/\/casadavointeriores.pt\/wp-content\/uploads\/2020\/05\/83332550_2285801144853020_8157946308921917440_o-504x352.jpg 504w, https:\/\/casadavointeriores.pt\/wp-content\/uploads\/2020\/05\/83332550_2285801144853020_8157946308921917440_o-300x209.jpg 300w, https:\/\/casadavointeriores.pt\/wp-content\/uploads\/2020\/05\/83332550_2285801144853020_8157946308921917440_o-768x536.jpg 768w, https:\/\/casadavointeriores.pt\/wp-content\/uploads\/2020\/05\/83332550_2285801144853020_8157946308921917440_o.jpg 1080w\" sizes=\"auto, (max-width: 1024px) 100vw, 1024px\" \/>\t\t\t\t\t\t\t\t\t\t\t<\/div>\n\t\t\t\t<\/div>\n\t\t\t\t<\/div>\n\t\t\t\t\t\t<\/div>\n\t\t\t<\/div>\n\t\t<\/div>\n\t\t\t\t<div class=\"elementor-element elementor-element-8b0c949 elementor-column elementor-col-50 elementor-top-column\" data-id=\"8b0c949\" data-element_type=\"column\">\n\t\t\t<div class=\"elementor-column-wrap  elementor-element-populated\">\n\t\t\t\t\t<div class=\"elementor-widget-wrap\">\n\t\t\t\t<div class=\"elementor-element elementor-element-f2e3edb elementor-invisible elementor-widget elementor-widget-heading\" data-id=\"f2e3edb\" data-element_type=\"widget\" data-settings=\"{&quot;_animation&quot;:&quot;bounceInDown&quot;}\" data-widget_type=\"heading.default\">\n\t\t\t\t<div class=\"elementor-widget-container\">\n\t\t\t<h2 class=\"elementor-heading-title elementor-size-xl\">A nossa hist\u00f3ria!<\/h2>\t\t<\/div>\n\t\t\t\t<\/div>\n\t\t\t\t<div class=\"elementor-element elementor-element-0c652b7 elementor-widget elementor-widget-spacer\" data-id=\"0c652b7\" data-element_type=\"widget\" data-widget_type=\"spacer.default\">\n\t\t\t\t<div class=\"elementor-widget-container\">\n\t\t\t\t\t<div class=\"elementor-spacer\">\n\t\t\t<div class=\"elementor-spacer-inner\"><\/div>\n\t\t<\/div>\n\t\t\t\t<\/div>\n\t\t\t\t<\/div>\n\t\t\t\t<div class=\"elementor-element elementor-element-66e7554 elementor-invisible elementor-widget elementor-widget-text-editor\" data-id=\"66e7554\" data-element_type=\"widget\" data-settings=\"{&quot;_animation&quot;:&quot;bounceInRight&quot;}\" data-widget_type=\"text-editor.default\">\n\t\t\t\t<div class=\"elementor-widget-container\">\n\t\t\t\t\t<div class=\"elementor-text-editor elementor-clearfix\"><blockquote><p style=\"text-align: left;\">No ano 2000 pelo dia 09 de Julho nasceu a Casa D&#8217;Av\u00f3 pela m\u00e3o de um jovem casal empreendedor. Um projeto, uma vida pela frente e muitas batalhas.<br \/>Esse come\u00e7o p\u00f4de contar com a preciosa ajuda de seus familiares e amigos.<br \/>E assim surgiu uma loja de decora\u00e7\u00e3o de seu nome de &#8216;Av\u00f3&#8217;, como algo que fica na mem\u00f3ria e cora\u00e7\u00e3o. E desde ent\u00e3o como uma av\u00f3 que acarinha seus netos cuidamos e crescemos.<br \/>A 13 de Julho de 2007 surgiu um acrescento ao projeto com uma nova loja do outro lado do centro de Caminha.<br \/>O respeito e confian\u00e7a dos nossos clientes n\u00e3o nos deixou ficar de bra\u00e7os cruzados e podem contar hoje com uma colchoaria pertencente tamb\u00e9m ao grupo &#8216;Casa D&#8217;Av\u00f3&#8217;.<br \/>Todos os dias com afinco e dedica\u00e7\u00e3o estamos c\u00e1 para o bem servir.<\/p><\/blockquote><\/div>\n\t\t\t\t<\/div>\n\t\t\t\t<\/div>\n\t\t\t\t\t\t<\/div>\n\t\t\t<\/div>\n\t\t<\/div>\n\t\t\t\t\t\t<\/div>\n\t\t\t<\/div>\n\t\t<\/section>\n\t\t\t\t<section class=\"elementor-element elementor-element-13f436b elementor-section-boxed elementor-section-height-default elementor-section-height-default elementor-section elementor-top-section\" data-id=\"13f436b\" data-element_type=\"section\">\n\t\t\t\t\t\t<div class=\"elementor-container elementor-column-gap-default\">\n\t\t\t\t<div class=\"elementor-row\">\n\t\t\t\t<div class=\"elementor-element elementor-element-7e43883 elementor-column elementor-col-100 elementor-top-column\" data-id=\"7e43883\" data-element_type=\"column\">\n\t\t\t<div class=\"elementor-column-wrap  elementor-element-populated\">\n\t\t\t\t\t<div class=\"elementor-widget-wrap\">\n\t\t\t\t<div class=\"elementor-element elementor-element-ccfc954 elementor-widget elementor-widget-spacer\" data-id=\"ccfc954\" data-element_type=\"widget\" data-widget_type=\"spacer.default\">\n\t\t\t\t<div class=\"elementor-widget-container\">\n\t\t\t\t\t<div class=\"elementor-spacer\">\n\t\t\t<div class=\"elementor-spacer-inner\"><\/div>\n\t\t<\/div>\n\t\t\t\t<\/div>\n\t\t\t\t<\/div>\n\t\t\t\t\t\t<\/div>\n\t\t\t<\/div>\n\t\t<\/div>\n\t\t\t\t\t\t<\/div>\n\t\t\t<\/div>\n\t\t<\/section>\n\t\t\t\t\t\t<\/div>\n\t\t\t<\/div>\n\t\t<\/div>","protected":false},"excerpt":{"rendered":"<p>A nossa hist\u00f3ria! No ano 2000 pelo dia 09 de Julho nasceu a Casa D&#8217;Av\u00f3 pela m\u00e3o de um jovem casal empreendedor. Um projeto, uma vida pela frente e muitas batalhas.Esse come\u00e7o p\u00f4de contar com a preciosa ajuda de seus familiares e amigos.E assim surgiu uma loja de decora\u00e7\u00e3o de seu nome de &#8216;Av\u00f3&#8217;, como [&hellip;]<\/p>","protected":false},"author":1,"featured_media":0,"parent":0,"menu_order":0,"comment_status":"closed","ping_status":"closed","template":"elementor_header_footer","meta":{"footnotes":""},"yst_prominent_words":[],"class_list":["post-1068","page","type-page","status-publish","hentry","entry","owp-thumbs-layout-horizontal","owp-btn-normal","owp-tabs-layout-horizontal","has-no-thumbnails"],"_links":{"self":[{"href":"https:\/\/casadavointeriores.pt\/en\/wp-json\/wp\/v2\/pages\/1068","targetHints":{"allow":["GET"]}}],"collection":[{"href":"https:\/\/casadavointeriores.pt\/en\/wp-json\/wp\/v2\/pages"}],"about":[{"href":"https:\/\/casadavointeriores.pt\/en\/wp-json\/wp\/v2\/types\/page"}],"author":[{"embeddable":true,"href":"https:\/\/casadavointeriores.pt\/en\/wp-json\/wp\/v2\/users\/1"}],"replies":[{"embeddable":true,"href":"https:\/\/casadavointeriores.pt\/en\/wp-json\/wp\/v2\/comments?post=1068"}],"version-history":[{"count":8,"href":"https:\/\/casadavointeriores.pt\/en\/wp-json\/wp\/v2\/pages\/1068\/revisions"}],"predecessor-version":[{"id":1408,"href":"https:\/\/casadavointeriores.pt\/en\/wp-json\/wp\/v2\/pages\/1068\/revisions\/1408"}],"wp:attachment":[{"href":"https:\/\/casadavointeriores.pt\/en\/wp-json\/wp\/v2\/media?parent=1068"}],"wp:term":[{"taxonomy":"yst_prominent_words","embeddable":true,"href":"https:\/\/casadavointeriores.pt\/en\/wp-json\/wp\/v2\/yst_prominent_words?post=1068"}],"curies":[{"name":"wp","href":"https:\/\/api.w.org\/{rel}","templated":true}]}}

Sobre Nós

<div data-elementor-type="wp-page" data-elementor-id="1068" class="elementor elementor-1068" data-elementor-settings="[]">
			<div class="elementor-inner">
				<div class="elementor-section-wrap">
							<section class="elementor-element elementor-element-3fecff1 elementor-section-boxed elementor-section-height-default elementor-section-height-default elementor-section elementor-top-section" data-id="3fecff1" data-element_type="section">
						<div class="elementor-container elementor-column-gap-default">
				<div class="elementor-row">
				<div class="elementor-element elementor-element-3f3223e elementor-column elementor-col-100 elementor-top-column" data-id="3f3223e" data-element_type="column">
			<div class="elementor-column-wrap  elementor-element-populated">
					<div class="elementor-widget-wrap">
				<div class="elementor-element elementor-element-7525eae elementor-widget elementor-widget-spacer" data-id="7525eae" data-element_type="widget" data-widget_type="spacer.default">
				<div class="elementor-widget-container">
					<div class="elementor-spacer">
			<div class="elementor-spacer-inner"></div>
		</div>
				</div>
				</div>
						</div>
			</div>
		</div>
						</div>
			</div>
		</section>
				<section class="elementor-element elementor-element-814d82c elementor-reverse-tablet elementor-reverse-mobile elementor-section-boxed elementor-section-height-default elementor-section-height-default elementor-section elementor-top-section" data-id="814d82c" data-element_type="section">
						<div class="elementor-container elementor-column-gap-default">
				<div class="elementor-row">
				<div class="elementor-element elementor-element-46b2ca9 elementor-invisible elementor-column elementor-col-50 elementor-top-column" data-id="46b2ca9" data-element_type="column" data-settings="{&quot;animation&quot;:&quot;bounceInLeft&quot;}">
			<div class="elementor-column-wrap  elementor-element-populated">
					<div class="elementor-widget-wrap">
				<div class="elementor-element elementor-element-a528650 elementor-widget elementor-widget-spacer" data-id="a528650" data-element_type="widget" data-widget_type="spacer.default">
				<div class="elementor-widget-container">
					<div class="elementor-spacer">
			<div class="elementor-spacer-inner"></div>
		</div>
				</div>
				</div>
				<div class="elementor-element elementor-element-e1acf9f elementor-invisible elementor-widget elementor-widget-image" data-id="e1acf9f" data-element_type="widget" data-settings="{&quot;_animation&quot;:&quot;bounceInLeft&quot;}" data-widget_type="image.default">
				<div class="elementor-widget-container">
					<div class="elementor-image">
										<img loading="lazy" decoding="async" width="1024" height="715" src="https://casadavointeriores.pt/wp-content/uploads/2020/05/83332550_2285801144853020_8157946308921917440_o-1024x715.jpg" class="attachment-large size-large" alt="" srcset="https://casadavointeriores.pt/wp-content/uploads/2020/05/83332550_2285801144853020_8157946308921917440_o-1024x715.jpg 1024w, https://casadavointeriores.pt/wp-content/uploads/2020/05/83332550_2285801144853020_8157946308921917440_o-504x352.jpg 504w, https://casadavointeriores.pt/wp-content/uploads/2020/05/83332550_2285801144853020_8157946308921917440_o-300x209.jpg 300w, https://casadavointeriores.pt/wp-content/uploads/2020/05/83332550_2285801144853020_8157946308921917440_o-768x536.jpg 768w, https://casadavointeriores.pt/wp-content/uploads/2020/05/83332550_2285801144853020_8157946308921917440_o.jpg 1080w" sizes="auto, (max-width: 1024px) 100vw, 1024px" />											</div>
				</div>
				</div>
						</div>
			</div>
		</div>
				<div class="elementor-element elementor-element-8b0c949 elementor-column elementor-col-50 elementor-top-column" data-id="8b0c949" data-element_type="column">
			<div class="elementor-column-wrap  elementor-element-populated">
					<div class="elementor-widget-wrap">
				<div class="elementor-element elementor-element-f2e3edb elementor-invisible elementor-widget elementor-widget-heading" data-id="f2e3edb" data-element_type="widget" data-settings="{&quot;_animation&quot;:&quot;bounceInDown&quot;}" data-widget_type="heading.default">
				<div class="elementor-widget-container">
			<h2 class="elementor-heading-title elementor-size-xl">A nossa história!</h2>		</div>
				</div>
				<div class="elementor-element elementor-element-0c652b7 elementor-widget elementor-widget-spacer" data-id="0c652b7" data-element_type="widget" data-widget_type="spacer.default">
				<div class="elementor-widget-container">
					<div class="elementor-spacer">
			<div class="elementor-spacer-inner"></div>
		</div>
				</div>
				</div>
				<div class="elementor-element elementor-element-66e7554 elementor-invisible elementor-widget elementor-widget-text-editor" data-id="66e7554" data-element_type="widget" data-settings="{&quot;_animation&quot;:&quot;bounceInRight&quot;}" data-widget_type="text-editor.default">
				<div class="elementor-widget-container">
					<div class="elementor-text-editor elementor-clearfix"><blockquote><p style="text-align: left;">No ano 2000 pelo dia 09 de Julho nasceu a Casa D&#8217;Avó pela mão de um jovem casal empreendedor. Um projeto, uma vida pela frente e muitas batalhas.<br />Esse começo pôde contar com a preciosa ajuda de seus familiares e amigos.<br />E assim surgiu uma loja de decoração de seu nome de &#8216;Avó&#8217;, como algo que fica na memória e coração. E desde então como uma avó que acarinha seus netos cuidamos e crescemos.<br />A 13 de Julho de 2007 surgiu um acrescento ao projeto com uma nova loja do outro lado do centro de Caminha.<br />O respeito e confiança dos nossos clientes não nos deixou ficar de braços cruzados e podem contar hoje com uma colchoaria pertencente também ao grupo &#8216;Casa D&#8217;Avó&#8217;.<br />Todos os dias com afinco e dedicação estamos cá para o bem servir.</p></blockquote></div>
				</div>
				</div>
						</div>
			</div>
		</div>
						</div>
			</div>
		</section>
				<section class="elementor-element elementor-element-13f436b elementor-section-boxed elementor-section-height-default elementor-section-height-default elementor-section elementor-top-section" data-id="13f436b" data-element_type="section">
						<div class="elementor-container elementor-column-gap-default">
				<div class="elementor-row">
				<div class="elementor-element elementor-element-7e43883 elementor-column elementor-col-100 elementor-top-column" data-id="7e43883" data-element_type="column">
			<div class="elementor-column-wrap  elementor-element-populated">
					<div class="elementor-widget-wrap">
				<div class="elementor-element elementor-element-ccfc954 elementor-widget elementor-widget-spacer" data-id="ccfc954" data-element_type="widget" data-widget_type="spacer.default">
				<div class="elementor-widget-container">
					<div class="elementor-spacer">
			<div class="elementor-spacer-inner"></div>
		</div>
				</div>
				</div>
						</div>
			</div>
		</div>
						</div>
			</div>
		</section>
						</div>
			</div>
		</div>

<p>A nossa história! No ano 2000 pelo dia 09 de Julho nasceu a Casa D&#8217;Avó pela mão de um jovem casal empreendedor. Um projeto, uma vida pela frente e muitas batalhas.Esse começo pôde contar com a preciosa ajuda de seus familiares e amigos.E assim surgiu uma loja de decoração de seu nome de &#8216;Avó&#8217;, como [&hellip;]</p>
